{"id":30,"date":"2018-11-27T11:44:21","date_gmt":"2018-11-27T11:44:21","guid":{"rendered":"http:\/\/kreuth-ferienwohnung.de\/?page_id=30"},"modified":"2023-10-13T19:41:24","modified_gmt":"2023-10-13T19:41:24","slug":"preise","status":"publish","type":"page","link":"https:\/\/kreuth-ferienwohnung.de\/?page_id=30","title":{"rendered":"Preise"},"content":{"rendered":"\n<p>Pro \u00dcbernachtung:<\/p>\n\n\n\n<p>1 \u2013 2 Personen \u20ac\u00a0 75,00 (Preis gilt pro Wohnung und Tag (kein Rabatt bei Belegung 1 Person)<br>Zzgl. Kurbeitrag \u20ac 3,00 \/ Erwachsene<\/p>\n\n\n\n<p>Im Preis enthalten sind Bettw\u00e4sche, Handt\u00fccher, K\u00fcchent\u00fccher, W-Lan, Endreinigung und die TEGERNSEECARD (z.B. Gratis Busfahrt im Tegernseer Tal).<\/p>\n\n\n\n<p>Anreise ab:&nbsp; 14:00 Uhr<br>Abreise bis: 10:00 Uhr<\/p>\n\n\n\n<hr class=\"wp-block-separator has-css-opacity\"\/>\n\n\n\n<h3 class=\"wp-block-heading\"><strong><a href=\"http:\/\/visitenkarten.im-web.de\/31944\/belegung.php\" target=\"_blank\" rel=\"noreferrer noopener\" aria-label=\"Belegungskalender (\u00f6ffnet in neuem Tab)\">Belegungskalender<\/a><\/strong><\/h3>\n\n\n\n<hr class=\"wp-block-separator has-css-opacity\"\/>\n\n\n\n<p>Bezahlung:<br>Bezahlung bei Anreise<br>keine Kreditkarten<\/p>\n","protected":false},"excerpt":{"rendered":"<p>Pro \u00dcbernachtung: 1 \u2013 2 Personen \u20ac\u00a0 75,00 (Preis gilt pro Wohnung und Tag (kein Rabatt bei Belegung 1 Person)Zzgl. Kurbeitrag \u20ac 3,00 \/ Erwachsene Im Preis enthalten sind Bettw\u00e4sche, Handt\u00fccher, K\u00fcchent\u00fccher, W-Lan, Endreinigung und die TEGERNSEECARD (z.B. Gratis Busfahrt im Tegernseer Tal). Anreise ab:&nbsp; 14:00 UhrAbreise bis: 10:00 Uhr Belegungskalender Bezahlung:Bezahlung bei Anreisekeine Kreditkarten<\/p>\n","protected":false},"author":1,"featured_media":0,"parent":0,"menu_order":0,"comment_status":"closed","ping_status":"closed","template":"page-templates\/full-width.php","meta":{"footnotes":""},"class_list":["post-30","page","type-page","status-publish","hentry"],"_links":{"self":[{"href":"https:\/\/kreuth-ferienwohnung.de\/index.php?rest_route=\/wp\/v2\/pages\/30","targetHints":{"allow":["GET"]}}],"collection":[{"href":"https:\/\/kreuth-ferienwohnung.de\/index.php?rest_route=\/wp\/v2\/pages"}],"about":[{"href":"https:\/\/kreuth-ferienwohnung.de\/index.php?rest_route=\/wp\/v2\/types\/page"}],"author":[{"embeddable":true,"href":"https:\/\/kreuth-ferienwohnung.de\/index.php?rest_route=\/wp\/v2\/users\/1"}],"replies":[{"embeddable":true,"href":"https:\/\/kreuth-ferienwohnung.de\/index.php?rest_route=%2Fwp%2Fv2%2Fcomments&post=30"}],"version-history":[{"count":0,"href":"https:\/\/kreuth-ferienwohnung.de\/index.php?rest_route=\/wp\/v2\/pages\/30\/revisions"}],"wp:attachment":[{"href":"https:\/\/kreuth-ferienwohnung.de\/index.php?rest_route=%2Fwp%2Fv2%2Fmedia&parent=30"}],"curies":[{"name":"wp","href":"https:\/\/api.w.org\/{rel}","templated":true}]}}

<p>Pro Übernachtung:</p>



<p>1 – 2 Personen €  75,00 (Preis gilt pro Wohnung und Tag (kein Rabatt bei Belegung 1 Person)<br>Zzgl. Kurbeitrag € 3,00 / Erwachsene</p>



<p>Im Preis enthalten sind Bettwäsche, Handtücher, Küchentücher, W-Lan, Endreinigung und die TEGERNSEECARD (z.B. Gratis Busfahrt im Tegernseer Tal).</p>



<p>Anreise ab:&nbsp; 14:00 Uhr<br>Abreise bis: 10:00 Uhr</p>



<hr class="wp-block-separator has-css-opacity"/>



<h3 class="wp-block-heading"><strong><a href="http://visitenkarten.im-web.de/31944/belegung.php" target="_blank" rel="noreferrer noopener" aria-label="Belegungskalender (öffnet in neuem Tab)">Belegungskalender</a></strong></h3>



<hr class="wp-block-separator has-css-opacity"/>



<p>Bezahlung:<br>Bezahlung bei Anreise<br>keine Kreditkarten</p>

<p>Pro Übernachtung: 1 – 2 Personen €  75,00 (Preis gilt pro Wohnung und Tag (kein Rabatt bei Belegung 1 Person)Zzgl. Kurbeitrag € 3,00 / Erwachsene Im Preis enthalten sind Bettwäsche, Handtücher, Küchentücher, W-Lan, Endreinigung und die TEGERNSEECARD (z.B. Gratis Busfahrt im Tegernseer Tal). Anreise ab:&nbsp; 14:00 UhrAbreise bis: 10:00 Uhr Belegungskalender Bezahlung:Bezahlung bei Anreisekeine Kreditkarten</p>
