{"id":24,"date":"2018-11-27T11:42:12","date_gmt":"2018-11-27T11:42:12","guid":{"rendered":"http:\/\/kreuth-ferienwohnung.de\/?page_id=24"},"modified":"2024-03-17T12:17:50","modified_gmt":"2024-03-17T12:17:50","slug":"ausstattung","status":"publish","type":"page","link":"https:\/\/kreuth-ferienwohnung.de\/?page_id=24","title":{"rendered":"Ausstattung"},"content":{"rendered":"\n<p><strong>Zimmerdetails und Ausstattung:<\/strong><\/p>\n\n\n\n<p>Helle, sonnige Ferienwohnung mit gro\u00dfem Westbalkon, zentral und doch ruhig gelegen, geschmackvoll und bequem ausgestattet. Bett- und Tischw\u00e4sche sowie Hand- Bade- und Geschirrt\u00fccher sind ausreichend vorhanden.<\/p>\n\n\n\n<hr class=\"wp-block-separator has-css-opacity\"\/>\n\n\n\n<p><strong>R\u00e4ume:<\/strong><br>1 Schlafraum<br>1 Wohnraum<br>1 K\u00fcche mit bequemer Sitzecke<br>1 Badezimmer mit Dusche<br>1 WC<br>1 Diele \/ Vorraum<br>1 Balkon Westseite<\/p>\n\n\n\n<p>Bettenart: 1 Doppelbett (antiallergische Betten auf Wunsch), Schlafcouch<\/p>\n\n\n\n<p><strong>Ausstattung:<\/strong><br><br><strong>K\u00fcche:<\/strong><br>Geschirrsp\u00fcler incl. Tabs<br>Cerankochfeld<br>Kaffeemaschine<br>Wasserkocher<br>Toaster<br>K\u00fchl- Gefrierkombination<br>Dunstabzug<br>Villeroy &amp; Boch Porzellan Geschirr<br>Komplette sch\u00f6ne Gl\u00e4ser Ausstattung<br>Umfangreiches K\u00fcchenzubeh\u00f6r<br>Reinigungsmittel<\/p>\n\n\n\n<p><strong>Sonstiges:<\/strong>\u00a0<br>Haartrockner<br>Kosmetikspiegel<\/p>\n\n\n\n<p><strong>Technische Ausstattung:<\/strong><br>Gratis WLAN (DSL 100 Highspeed)<br>Flachbildfernseher (32 Zoll)<br>Kabelfernsehen<br>Micro-Musiksystem mit Radio \/ CD \/ Bluetooth<\/p>\n\n\n\n<p><strong>Balkon:<\/strong>&nbsp;Zwei Liegen<\/p>\n","protected":false},"excerpt":{"rendered":"<p>Zimmerdetails und Ausstattung: Helle, sonnige Ferienwohnung mit gro\u00dfem Westbalkon, zentral und doch ruhig gelegen, geschmackvoll und bequem ausgestattet. Bett- und Tischw\u00e4sche sowie Hand- Bade- und Geschirrt\u00fccher sind ausreichend vorhanden. R\u00e4ume:1 Schlafraum1 Wohnraum1 K\u00fcche mit bequemer Sitzecke1 Badezimmer mit Dusche1 WC1 Diele \/ Vorraum1 Balkon Westseite Bettenart: 1 Doppelbett (antiallergische Betten auf Wunsch), Schlafcouch Ausstattung: K\u00fcche:Geschirrsp\u00fcler [&hellip;]<\/p>\n","protected":false},"author":1,"featured_media":0,"parent":0,"menu_order":0,"comment_status":"closed","ping_status":"closed","template":"page-templates\/full-width.php","meta":{"footnotes":""},"class_list":["post-24","page","type-page","status-publish","hentry"],"_links":{"self":[{"href":"https:\/\/kreuth-ferienwohnung.de\/index.php?rest_route=\/wp\/v2\/pages\/24","targetHints":{"allow":["GET"]}}],"collection":[{"href":"https:\/\/kreuth-ferienwohnung.de\/index.php?rest_route=\/wp\/v2\/pages"}],"about":[{"href":"https:\/\/kreuth-ferienwohnung.de\/index.php?rest_route=\/wp\/v2\/types\/page"}],"author":[{"embeddable":true,"href":"https:\/\/kreuth-ferienwohnung.de\/index.php?rest_route=\/wp\/v2\/users\/1"}],"replies":[{"embeddable":true,"href":"https:\/\/kreuth-ferienwohnung.de\/index.php?rest_route=%2Fwp%2Fv2%2Fcomments&post=24"}],"version-history":[{"count":0,"href":"https:\/\/kreuth-ferienwohnung.de\/index.php?rest_route=\/wp\/v2\/pages\/24\/revisions"}],"wp:attachment":[{"href":"https:\/\/kreuth-ferienwohnung.de\/index.php?rest_route=%2Fwp%2Fv2%2Fmedia&parent=24"}],"curies":[{"name":"wp","href":"https:\/\/api.w.org\/{rel}","templated":true}]}}

<p><strong>Zimmerdetails und Ausstattung:</strong></p>



<p>Helle, sonnige Ferienwohnung mit großem Westbalkon, zentral und doch ruhig gelegen, geschmackvoll und bequem ausgestattet. Bett- und Tischwäsche sowie Hand- Bade- und Geschirrtücher sind ausreichend vorhanden.</p>



<hr class="wp-block-separator has-css-opacity"/>



<p><strong>Räume:</strong><br>1 Schlafraum<br>1 Wohnraum<br>1 Küche mit bequemer Sitzecke<br>1 Badezimmer mit Dusche<br>1 WC<br>1 Diele / Vorraum<br>1 Balkon Westseite</p>



<p>Bettenart: 1 Doppelbett (antiallergische Betten auf Wunsch), Schlafcouch</p>



<p><strong>Ausstattung:</strong><br><br><strong>Küche:</strong><br>Geschirrspüler incl. Tabs<br>Cerankochfeld<br>Kaffeemaschine<br>Wasserkocher<br>Toaster<br>Kühl- Gefrierkombination<br>Dunstabzug<br>Villeroy &amp; Boch Porzellan Geschirr<br>Komplette schöne Gläser Ausstattung<br>Umfangreiches Küchenzubehör<br>Reinigungsmittel</p>



<p><strong>Sonstiges:</strong> <br>Haartrockner<br>Kosmetikspiegel</p>



<p><strong>Technische Ausstattung:</strong><br>Gratis WLAN (DSL 100 Highspeed)<br>Flachbildfernseher (32 Zoll)<br>Kabelfernsehen<br>Micro-Musiksystem mit Radio / CD / Bluetooth</p>



<p><strong>Balkon:</strong>&nbsp;Zwei Liegen</p>

<p>Zimmerdetails und Ausstattung: Helle, sonnige Ferienwohnung mit großem Westbalkon, zentral und doch ruhig gelegen, geschmackvoll und bequem ausgestattet. Bett- und Tischwäsche sowie Hand- Bade- und Geschirrtücher sind ausreichend vorhanden. Räume:1 Schlafraum1 Wohnraum1 Küche mit bequemer Sitzecke1 Badezimmer mit Dusche1 WC1 Diele / Vorraum1 Balkon Westseite Bettenart: 1 Doppelbett (antiallergische Betten auf Wunsch), Schlafcouch Ausstattung: Küche:Geschirrspüler [&hellip;]</p>
